e prime factors of 372379?
7, 53197
What are the prime factors of 2403991?
197, 12203
What are the prime factors of 817807?
97, 8431
What are the prime factors of 238291?
238291
What are the prime factors of 2818356?
2, 3, 234863
List the prime factors of 7813016.
2, 59, 16553
What are the prime factors of 6792448?
2, 13, 157
What are the prime factors of 5921115?
3, 5, 599, 659
What are the prime factors of 1753058?
2, 876529
List the prime factors of 4748785.
5, 223, 4259
What are the prime factors of 12624150?
2, 3, 5, 7, 11, 1093
List the prime factors of 5031454.
2, 2515727
What are the prime factors of 671508?
2, 3, 23, 811
What are the prime factors of 1592852?
2, 398213
What are the prime factors of 196357?
7, 28051
What are the prime factors of 132786?
2, 3, 2459
List the prime factors of 10387418.
2, 31, 239, 701
List the prime factors of 1126551.
3, 137, 2741
List the prime factors of 606469.
283, 2143
What are the prime factors of 629864?
2, 43, 1831
What are the prime factors of 4165851?
3, 907, 1531
List the prime factors of 6435264.
2, 3, 11, 277
What are the prime factors of 319977?
3, 7, 1693
What are the prime factors of 575574?
2, 3, 95929
List the prime factors of 955460.
2, 5, 11, 43, 101
What are the prime factors of 6916462?
2, 7, 271, 1823
List the prime factors of 10450993.
7, 23, 139, 467
List the prime factors of 2024326.
2, 17, 59539
List the prime factors of 93980.
2, 5, 37, 127
What are the prime factors of 199147?
13, 15319
What are the prime factors of 502340?
2, 5, 25117
List the prime factors of 1519740.
2, 3, 5, 8443
What are the prime factors of 291016?
2, 11, 3307
What are the prime factors of 1314744?
2, 3, 29, 1889
List the prime factors of 166605.
3, 5, 29, 383
List the prime factors of 745756.
2, 11, 17, 997
List the prime factors of 319468.
2, 79867
List the prime factors of 1279445.
5, 83, 3083
List the prime factors of 8357405.
5, 7, 73, 3271
What are the prime factors of 155697?
3, 51899
List the prime factors of 83112.
2, 3, 3463
List the prime factors of 760905.
3, 5, 37, 457
What are the prime factors of 95116?
2, 7, 43, 79
What are the prime factors of 7606535?
5, 83, 18329
List the prime factors of 1210157.
13, 93089
What are the prime factors of 1958586?
2, 3, 7, 46633
What are the prime factors of 16098843?
3, 269, 19949
List the prime factors of 7388195.
5, 1477639
List the prime factors of 783630.
2, 3, 5, 8707
What are the prime factors of 201170?
2, 5, 20117
List the prime factors of 211346.
2, 105673
List the prime factors of 7711549.
19, 405871
What are the prime factors of 4927?
13, 379
List the prime factors of 91638.
2, 3, 1697
What are the prime factors of 132809?
59, 2251
List the prime factors of 9447439.
89, 101, 1051
What are the prime factors of 36277430?
2, 5, 7, 518249
List the prime factors of 8247903.
3, 2749301
List the prime factors of 83683.
67, 1249
What are the prime factors of 5925384?
2, 3, 17, 47, 103
List the prime factors of 227888.
2, 14243
What are the prime factors of 885506?
2, 442753
What are the prime factors of 1843010?
2, 5, 13, 14177
What are the prime factors of 369693?
3, 41077
What are the prime factors of 2636628?
2, 3, 23, 41, 233
List the prime factors of 565228.
2, 141307
What are the prime factors of 327808?
2, 13, 197
List the prime factors of 12967442.
2, 6483721
What are the prime factors of 107227?
107227
List the prime factors of 405465.
3, 5, 27031
List the prime factors of 713414.
2, 13, 23, 1193
What are the prime factors of 3324385?
5, 163, 4079
What are the prime factors of 151701?
3, 11, 4597
List the prime factors of 1386288.
2, 3, 3209
What are the prime factors of 4174620?
2, 3, 5, 41, 1697
What are the prime factors of 7699178?
2, 853, 4513
What are the prime factors of 411641?
411641
What are the prime factors of 1264600?
2, 5, 6323
What are the prime factors of 114448?
2, 23, 311
What are the prime factors of 736730?
2, 5, 73673
List the prime factors of 619735.
5, 17, 23, 317
What are the prime factors of 28151364?
2, 3, 1123, 2089
List the prime factors of 16012153.
16012153
List the prime factors of 183346.
2, 91673
List the prime factors of 759962.
2, 7, 19, 2857
List the prime factors of 735488.
2, 13, 17
What are the prime factors of 261347?
261347
What are the prime factors of 480387?
3, 47, 3407
List the prime factors of 374715.
3, 5, 11, 757
What are the prime factors of 1293473?
1293473
List the prime factors of 846577.
846577
What are the prime factors of 24885379?
23, 89, 12157
List the prime factors of 48531.
3, 7, 2311
What are the prime factors of 3283?
7, 67
List the prime factors of 1128477.
3, 7, 17, 29, 109
List the prime factors of 3584884.
2, 73, 12277
What are the prime factors of 1083556?
2, 29, 9341
List the prime factors of 1577734.
2, 788867
What are the prime factors of 2144793?
3, 7, 109, 937
What are the prime factors of 885839?
885839
What are the prime factors of 7516794?
2, 3, 1252799
List the prime factors of 60988.
2, 79, 193
List the prime factors of 4251054.
2, 3, 17, 71, 587
What are the prime factors of 1494792?
2, 3, 13, 1597
List the prime factors of 142555.
5, 7, 4073
List the prime factors of 165815.
5, 13, 2551
What are the prime factors of 622333?
622333
What are the prime factors of 343082?
2, 171541
List the prime factors of 245970.
2, 3, 5, 911
What are the prime factors of 11600583?
3, 19, 43, 4733
List the prime factors of 1426339.
881, 1619
List the prime factors of 356361.
3, 118787
List the prime factors of 2075342.
2, 61, 17011
What are the prime factors of 15001571?
13, 1153967
List the prime factors of 357308.
2, 7, 1823
What are the prime factors of 88026?
2, 3, 17, 863
List the prime factors of 4927710.
2, 3, 5, 83, 1979
List the prime factors of 2542220.
2, 5, 79, 1609
List the prime factors of 514917.
3, 13, 163
List the prime factors of 4364316.
2, 3, 11, 103, 107
What are the prime factors of 968149?
7, 13, 10639
What are the prime factors of 1031532?
2, 3, 67, 1283
What are the prime factors of 6272833?
7, 313, 409
List the prime factors of 2106767.
13, 162059
List the prime factors of 1277723.
1277723
List the prime factors of 107456.
2, 23, 73
What are the prime factors of 12824624?
2, 801539
List the prime factors of 5877447.
3, 1959149
List the prime factors of 902906.
2, 31, 14563
List the prime factors of 20458.
2, 53, 193
List the prime factors of 552384.
2, 3, 7, 137
List the prime factors of 695569.
7, 99367
What are the prime factors of 27621236?
2, 1451, 4759
List the prime factors of 15855825.
3, 5, 163, 1297
What are the prime factors of 176949?
3, 19661
What are the prime factors of 757948?
2, 19, 9973
List the prime factors of 393505.
5, 7, 11243
What are the prime factors of 3480446?
2, 1740223
List the prime factors of 13940099.
83, 167953
What are the prime factors of 10532757?
3, 3510919
What are the prime factors of 1659810?
2, 3, 5, 61, 907
What are the prime factors of 85496?
2, 10687
List the prime factors of 90255.
3, 5, 11, 547
What are the prime factors of 161125?
5, 1289
List the prime factors of 65737.
7, 9391
What are the prime factors of 819648?
2, 3, 1423
List the prime factors of 286515.
3, 5, 6367
What are the prime factors of 2189479?
239, 9161
List the prime factors of 1851196.
2, 31, 14929
List the prime factors of 601109.
97, 6197
List the prime factors of 7213136.
2, 7, 64403
What are the prime factors of 271941?
3, 90647
List the prime factors of 200177.
200177
What are the prime factors of 6608080?
2, 5, 82601
What are the prime factors of 2367695?
5, 11, 43049
List the prime factors of 997766.
2, 7, 11, 19, 31
List the prime factors of 110164.
2, 27541
What are the prime factors of 23808788?
2, 61, 97577
What are the prime factors of 22066016?
2, 7, 23, 4283
What are the prime factors of 13161885?
3, 5, 11, 79769
List the prime factors of 1279994.
2, 639997
What are the prime factors of 82753?
11, 7523
List the prime factors of 333710.
2, 5, 13, 17, 151
List the prime factors of 2064538.
2, 7, 31, 67, 71
What are the prime factors of 8135061?
3, 11, 17, 853
List the prime factors of 1783318.
2, 891659
List the prime factors of 2053571.
13, 47, 3361
What are the prime factors of 255686?
2, 127843
What are the prime factors of